of 3461913?
True
Is 16 a factor of 262210?
False
Is 122 a factor of 23302?
True
Is 7 a factor of 929894?
True
Is 16 a factor of 2249488?
True
Is 522099 a multiple of 13?
False
Is 157920 a multiple of 15?
True
Is 73558 a multiple of 5?
False
Is 16 a factor of 420592?
True
Is 1482433 a multiple of 8?
False
Is 292370 a multiple of 13?
True
Is 210882 a multiple of 212?
False
Is 297693 a multiple of 279?
True
Is 181358 a multiple of 3?
False
Is 20 a factor of 5506220?
True
Does 26 divide 355620?
False
Does 82 divide 4115498?
True
Does 11 divide 70015?
True
Is 54 a factor of 201407?
False
Is 259830 a multiple of 6?
True
Is 52 a factor of 1399632?
True
Is 2009407 a multiple of 44?
False
Does 7 divide 116625?
False
Does 15 divide 36303?
False
Is 157058 a multiple of 89?
False
Does 45 divide 512651?
False
Is 135746 a multiple of 26?
True
Does 261 divide 1131239?
False
Is 260975 a multiple of 76?
False
Is 1136070 a multiple of 45?
True
Does 66 divide 1640364?
True
Is 4 a factor of 705477?
False
Is 91 a factor of 182752?
False
Does 427 divide 184883?
False
Is 70 a factor of 11692?
False
Does 1191 divide 1700353?
False
Is 378 a factor of 86184?
True
Does 10 divide 75970?
True
Is 131 a factor of 1428686?
True
Is 15488489 a multiple of 1571?
True
Is 247137 a multiple of 161?
False
Is 202038 a multiple of 302?
True
Is 17386033 a multiple of 16?
False
Does 53 divide 563337?
True
Does 14 divide 90118?
True
Is 204877 a multiple of 74?
False
Does 430 divide 12412380?
True
Is 51 a factor of 49637?
False
Does 773 divide 1752391?
True
Does 17 divide 35904?
True
Is 71 a factor of 16179074?
False
Is 16408838 a multiple of 29?
True
Is 230 a factor of 268039?
False
Is 369 a factor of 74169?
True
Is 2368586 a multiple of 334?
False
Does 40 divide 16241640?
True
Does 14 divide 150673?
False
Does 2 divide 143515?
False
Is 1239082 a multiple of 15?
False
Is 615 a factor of 6011625?
True
Is 951840 a multiple of 30?
True
Is 13 a factor of 194233?
True
Does 212 divide 136462?
False
Is 315536 a multiple of 13?
True
Does 103 divide 409358?
False
Is 29 a factor of 1475924?
False
Is 29 a factor of 931140?
False
Is 12 a factor of 194813?
False
Is 177195 a multiple of 23?
False
Is 7204590 a multiple of 10?
True
Is 2 a factor of 48042?
True
Does 17 divide 4964?
True
Is 1021073 a multiple of 81?
False
Does 37 divide 196174?
True
Is 50 a factor of 16779435?
False
Does 12 divide 246872?
False
Does 303 divide 1830607?
False
Does 1012 divide 628452?
True
Does 261 divide 1248102?
True
Is 3 a factor of 19418?
False
Is 15 a factor of 2722349?
False
Does 255 divide 278541?
False
Is 9 a factor of 219934?
False
Is 53419 a multiple of 110?
False
Is 174685 a multiple of 33?
False
Does 441 divide 2167009?
False
Is 3 a factor of 288163?
False
Is 603090 a multiple of 416?
False
Is 62 a factor of 426922?
False
Is 5458741 a multiple of 304?
False
Does 463 divide 1358051?
False
Is 100 a factor of 18979664?
False
Is 4 a factor of 116652?
True
Does 73 divide 75998?
False
Does 200 divide 3586875?
False
Is 15 a factor of 68149?
False
Is 70 a factor of 22734?
False
Does 13 divide 4118478?
True
Is 329 a factor of 1434111?
True
Does 24 divide 636316?
False
Is 173 a factor of 610334?
False
Does 17 divide 453325?
False
Is 332235 a multiple of 535?
True
Is 56 a factor of 371726?
False
Does 273 divide 2770404?
True
Does 201 divide 701892?
True
Is 42 a factor of 272081?
False
Does 76 divide 65088?
False
Is 35 a factor of 1399118?
False
Does 485 divide 1106958?
False
Does 162 divide 1169027?
False
Does 47 divide 2695835?
False
Is 6 a factor of 50917?
False
Is 10 a factor of 555941?
False
Does 404 divide 4799061?
False
Does 1154 divide 3957744?
False
Is 128 a factor of 330956?
False
Is 188114 a multiple of 140?
False
Is 77 a factor of 1257939?
False
Is 50 a factor of 891380?
False
Is 691 a factor of 112633?
True
Is 23 a factor of 606947?
True
Is 10 a factor of 3340?
True
Is 151970 a multiple of 35?
True
Does 37 divide 63639?
False
Does 4 divide 5790?
False
Is 39 a factor of 130039?
False
Does 129 divide 158928?
True
Does 391 divide 76636?
True
Is 9 a factor of 478449?
True
Is 606372 a multiple of 23?
True
Is 47 a factor of 7235885?
True
Is 2396251 a multiple of 11?
True
Does 3 divide 3916?
False
Is 439373 a multiple of 42?
False
Does 478 divide 17976703?
False
Is 86 a factor of 10804196?
False
Does 11 divide 52756?
True
Is 260271 a multiple of 125?
False
Is 101 a factor of 608709?
False
Is 676003 a multiple of 43?
True
Does 371 divide 309785?
True
Does 36 divide 60117?
False
Is 95 a factor of 503785?
True
Is 42 a factor of 266402?
False
Is 232 a factor of 1930008?
True
Is 1146962 a multiple of 180?
False
Is 484472 a multiple of 117?
False
Is 2385606 a multiple of 118?
True
Does 480 divide 1385280?
True
Is 91392 a multiple of 768?
True
Does 82 divide 87576?
True
Does 12 divide 30568620?
True
Does 231 divide 4057428?
False
Is 142 a factor of 8105212?
False
Does 960 divide 2009280?
True
Is 1004352 a multiple of 32?
True
Does 18 divide 10921?
False
Is 5 a factor of 45018?
False
Is 868581 a multiple of 153?
True
Does 6 divide 31350?
True
Is 13 a factor of 18844?
False
Is 3026898 a multiple of 13?
False
Is 224825 a multiple of 575?
True
Is 11 a factor of 2515444?
False
Is 31 a factor of 1118077?
True
Does 678 divide 1833938?
False
Is 1458064 a multiple of 45?
False
Does 39 divide 365190?
False
Is 79 a factor of 264413?
True
Is 2062461 a multiple of 59?
False
Does 78 divide 17444?
False
Does 43 divide 518759?
False
Does 17 divide 78353?
True
Does 21 divide 7426566?
True
Is 100 a factor of 4472400?
True
Does 56 divide 2106970?
False
Is 4 a factor of 3768985?
False
Is 89759 a multiple of 47?
False
Is 1565921 a multiple of 470?
False
Is 17548664 a multiple of 623?
True
Is 836529 a multiple of 216?
False
Is 133912 a multiple of 122?
False
Does 655 divide 22812340?
True
Is 35 a factor of 197357?
False
Is 9702 a multiple of 7?
True
Does 95 divide 49224?
False
Is 646 a factor of 6222711?
False
Does 576 divide 1988352?
True
Is 292 a factor of 13842263?
False
Is 55 a factor of 2664653?
False
Does 5 divide 377694?
False
Is 180 a factor of 1211400?
True
Is 234216 a multiple of 8?
True
Is 101 a factor of 782263?
False
Is 45760 a multiple of 22?
True
Is 3785615 a multiple of 181?
True
Does 93 divide 207390?
True
Is 117026 a multiple of 4?
False
Does 19 divide 2212797?
True
Is 65 a factor of 4083300?
True
Does 134 divide 26014?
False
Is 18036871 a multiple of 209?
False
Does 2 divide 2058974?
True
Does 51 divide 1225632?
True
Is 30 a factor of 22770?
True
Does 2 divide 157037?
False
Is 377607 a multiple of 16?
False
Is 1482829 a multiple of 466?
False
Does 14 divide 7662074?
True
Does 8 divide 78248?
True
Does 18 divide 1762596?
True
Does 486 divide 1812294?
True
Is 159427 a multiple of 119?
False
Is 658 a factor of 311279?
False
Is 139 a factor of 109949?
True
Is 48641 a multiple of 31?
False
Is 395 a factor of 4398926?
False
Is 61178 a multiple of 175?
False
Is 1002150 a multiple of 15?
True
Is 720 a factor of 496865?
False
Is 77 a factor of 903672?
True
Is 11015494 a multiple of 14?
True
Does 21 divide 80322?
False
Does 60 divide 45241?
False
Is 29 a factor of 6787157?
False
Does 87 divide 5072318?
False
Is 278 a factor of 281614?
True
Does 516 divide 2913336?
True
Does 7 divide 33446?
True
Does 46 divide 26447?
False
Does 41 divide 1033317?
False
Is 2796856 a multiple of 164?
True
Is 214595 a multiple of 54?
False
Is 879210 a multiple of 10?
True
Is 95 a factor of 1423875?
False
Is 1097282 a multiple of 20?
False
Is 158118 a multiple of 60?
False
Is 1833977 a multiple of 4?
False
Is 696 a multiple of 58?
True
Is 4 a factor of 305458?
False
Is 2 a factor of 78012?
True
Is 2242575 a multiple of 59?
False
Is 5 a factor of 97080?
True
Is 152543 a multiple of 7?
False
Is 351396 a multiple of 86?
True
Is 3437200 a multiple of 730?
False
Is 808542 a multiple of 434?
True
Does 82 divide 241572?
True
Is 1569172 a multiple of 22?
True
Is 256 a factor of 72448?
True
Does 14 divide 998209?
False
Is 35 a factor of 146359?
False
Is 41 a factor of 1653571?
True
Does 14 divide 2440284?
True
Is 1025200 a multiple of 275?
True
Does 4 divide 1688056?
True
Does 62 divide 68696?
True
Does 70 divide 1485610?
True
Is 8 a factor of 2853880?
True
Does